e the highest common divisor of 873 and 97.
97
Calculate the greatest common divisor of 10 and 550.
10
Calculate the greatest common factor of 305 and 100.
5
What is the greatest common factor of 18998 and 46?
46
Calculate the highest common factor of 378 and 3675.
21
Calculate the greatest common factor of 2775 and 100.
25
What is the highest common factor of 322 and 92?
46
Calculate the greatest common divisor of 11746 and 56.
14
Calculate the highest common factor of 36 and 804.
12
Calculate the highest common factor of 3206 and 14.
14
What is the highest common factor of 4 and 76?
4
What is the highest common divisor of 2424 and 1515?
303
What is the greatest common divisor of 14 and 826?
14
Calculate the highest common factor of 5041 and 71.
71
Calculate the greatest common divisor of 10758 and 132.
66
Calculate the greatest common factor of 1215 and 15.
15
Calculate the highest common factor of 9 and 504.
9
What is the highest common factor of 4400 and 495?
55
Calculate the greatest common factor of 23200 and 600.
200
What is the greatest common divisor of 8 and 10?
2
Calculate the greatest common factor of 675 and 15.
15
Calculate the greatest common factor of 1935 and 90.
45
Calculate the greatest common divisor of 286 and 8996.
26
What is the highest common factor of 41160 and 140?
140
Calculate the greatest common factor of 54 and 150.
6
What is the greatest common factor of 12 and 21?
3
Calculate the highest common factor of 413 and 35.
7
Calculate the highest common divisor of 2445 and 30.
15
What is the highest common divisor of 3784 and 88?
88
Calculate the highest common factor of 26 and 182.
26
What is the greatest common factor of 470 and 188?
94
What is the highest common factor of 1083 and 1140?
57
What is the greatest common divisor of 20733 and 3?
3
Calculate the highest common factor of 168 and 1722.
42
Calculate the greatest common factor of 2175 and 165.
15
What is the highest common divisor of 1144 and 264?
88
Calculate the greatest common factor of 651 and 2.
1
Calculate the greatest common divisor of 490 and 98.
98
Calculate the highest common divisor of 6837 and 258.
129
Calculate the greatest common factor of 6 and 15.
3
Calculate the highest common factor of 100 and 80.
20
Calculate the greatest common factor of 5 and 1810.
5
What is the highest common factor of 8 and 7184?
8
What is the greatest common factor of 931 and 441?
49
Calculate the greatest common factor of 18 and 13.
1
What is the highest common divisor of 1111 and 6767?
101
What is the greatest common factor of 12 and 6684?
12
What is the greatest common divisor of 17172 and 18?
18
Calculate the greatest common divisor of 51 and 204.
51
What is the greatest common factor of 1615 and 152?
19
What is the highest common divisor of 8650 and 100?
50
What is the highest common divisor of 124 and 7254?
62
Calculate the highest common divisor of 20 and 19420.
20
What is the greatest common factor of 316 and 16?
4
Calculate the greatest common factor of 338 and 78.
26
What is the greatest common factor of 990 and 1170?
90
What is the highest common factor of 3703 and 7?
7
Calculate the greatest common factor of 473 and 44.
11
Calculate the greatest common factor of 13 and 715.
13
What is the greatest common divisor of 333 and 900?
9
What is the highest common factor of 1468 and 8?
4
Calculate the greatest common divisor of 95 and 10393.
19
What is the greatest common factor of 168 and 21?
21
Calculate the greatest common factor of 820 and 41.
41
Calculate the highest common factor of 1199 and 22.
11
What is the highest common divisor of 7044 and 12?
12
Calculate the highest common factor of 16 and 80.
16
Calculate the highest common divisor of 832 and 32.
32
What is the highest common factor of 112 and 952?
56
Calculate the greatest common divisor of 54239 and 73.
73
Calculate the highest common divisor of 440 and 704.
88
Calculate the greatest common divisor of 2 and 757.
1
What is the greatest common divisor of 7 and 11?
1
Calculate the greatest common divisor of 756 and 84.
84
Calculate the greatest common factor of 1225 and 49.
49
What is the highest common divisor of 1054 and 124?
62
What is the greatest common factor of 210 and 25?
5
What is the highest common divisor of 50 and 2425?
25
What is the highest common factor of 1792 and 14?
14
Calculate the greatest common divisor of 15 and 10.
5
Calculate the greatest common factor of 3961 and 2097.
233
Calculate the highest common factor of 6 and 33.
3
Calculate the highest common factor of 456 and 24.
24
What is the greatest common factor of 1804 and 492?
164
Calculate the highest common divisor of 98 and 2674.
14
Calculate the highest common divisor of 21 and 49.
7
What is the greatest common factor of 6225 and 150?
75
Calculate the greatest common divisor of 2135 and 14.
7
What is the greatest common divisor of 1525 and 427?
61
What is the greatest common divisor of 9191 and 91?
91
What is the highest common divisor of 1728 and 64?
64
What is the highest common factor of 9 and 2799?
9
Calculate the greatest common divisor of 88 and 341.
11
Calculate the greatest common factor of 366 and 1342.
122
Calculate the greatest common factor of 28 and 35.
7
What is the highest common divisor of 1204 and 1376?
172
What is the highest common divisor of 8587 and 31?
31
Calculate the highest common divisor of 40 and 190.
10
Calculate the greatest common divisor of 414 and 18078.
138
Calculate the highest common divisor of 711 and 198.
9
Calculate the greatest common factor of 4810 and 156.
26
Calculate the highest common divisor of 217 and 899.
31
Calculate the highest common divisor of 264 and 276.
12
Calculate the greatest common divisor of 144 and 3072.
48
What is the greatest common factor of 2318 and 305?
61
Calculate the highest common factor of 123 and 3362.
41
Calculate the highest common divisor of 4 and 1132.
4
Calculate the greatest common factor of 12 and 294.
6
What is the highest common factor of 2490 and 2822?
166
What is the highest common divisor of 525 and 975?
75
What is the greatest common factor of 88 and 110?
22
Calculate the greatest common divisor of 48 and 12.
12
Calculate the highest common divisor of 630 and 14.
14
Calculate the highest common divisor of 703 and 38.
19
Calculate the greatest common factor of 300 and 380.
20
What is the greatest common divisor of 1664 and 1152?
128
Calculate the greatest common factor of 184 and 2806.
46
What is the highest common divisor of 228 and 361?
19
What is the greatest common factor of 16 and 412?
4
Calculate the highest common factor of 8029 and 74.
37
Calculate the greatest common divisor of 1029 and 21.
21
Calculate the highest common factor of 880 and 286.
22
What is the highest common divisor of 1521 and 1690?
169
What is the greatest common factor of 872 and 24?
8
Calculate the highest common factor of 949 and 803.
73
What is the greatest common factor of 304 and 6460?
76
Calculate the greatest common factor of 7 and 952.
7
Calculate the highest common factor of 2375 and 50.
25
What is the highest common divisor of 2451 and 19?
19
Calculate the greatest common factor of 48 and 512.
16
What is the greatest common factor of 68 and 380?
4
What is the greatest common factor of 48438 and 138?
138
What is the highest common factor of 133 and 3024?
7
What is the greatest common factor of 45 and 135855?
45
Calculate the highest common factor of 1 and 46.
1
What is the greatest common factor of 3 and 39?
3
Calculate the greatest common factor of 112 and 126.
14
Calculate the highest common factor of 1339 and 117.
13
Calculate the highest common divisor of 6 and 8.
2
What is the highest common divisor of 200 and 190?
10
What is the highest common factor of 4117 and 69?
23
What is the highest common divisor of 205 and 5781?
41
What is the highest common divisor of 14 and 119?
7
What is the highest common factor of 169 and 5?
1
Calculate the greatest common factor of 160 and 120.
40
What is the highest common divisor of 102 and 474?
6
Calculate the highest common factor of 33 and 9.
3
Calculate the highest common divisor of 126 and 306.
18
Calculate the greatest common factor of 12 and 276.
12
Calculate the highest common factor of 126 and 1098.
18
C